et g(w) = -w**2 - 4*w + 38. What is g(o)?
-7
Let s(t) be the third derivative of -2*t**2 + 1/60*t**5 + 2/3*t**3 - 1/6*t**4 + 6*t + 0. Give s(5).
9
Let s(n) = -n**2 - 4*n - 2. Let h = -79 - -3. Let q = h - -72. Determine s(q).
-2
Let o(f) = 30*f - 7. Let z(k) = -61*k + 17. Let v(s) = 5*o(s) + 2*z(s). Calculate v(1).
27
Suppose -3*x + 4*b + 27 = 35, 0 = -2*x - 2*b - 10. Let i(l) = 3*l - 3*l + l + 7. Determine i(x).
3
Let x(k) be the third derivative of k**6/40 - k**5/20 + k**3/3 + 131*k**2 + 2. Determine x(-2).
-34
Let c(v) = v**2 + 2*v + 3. Let l = 34 - 38. Let w be (6/l - -2)/((-1)/8). Calculate c(w).
11
Let b(d) be the first derivative of d**4/4 - 4*d**3/3 + d**2/2 + 3*d + 37. Determine b(3).
-3
Suppose x = 4*w - 5, -2*w = -x - 0 + 1. Let z(j) be the first derivative of j**3/3 - 4*j**2 + 9*j + 3. What is z(x)?
2
Let n(j) = j**2 - 12*j + 17. Let t = 809 + -798. Give n(t).
6
Let c(j) = j**2 - 22*j - 133. Let f be c(27). Let t(o) = -o**2 + 7*o - 6. What is t(f)?
4
Let a(o) = -o**3 + 11*o**2 + 13*o - 7. Let z be a(12). Suppose -z*t - 11 = 4. Let m(p) = 6*p + 4. Calculate m(t).
-14
Let g(f) be the first derivative of 3 + f + 1/2*f**2. Determine g(2).
3
Let i(b) be the second derivative of 5/12*b**4 - 1/2*b**3 + 9*b + b**2 + 0 - 1/20*b**5. Give i(3).
11
Let k(t) be the third derivative of -1/120*t**6 + 1/10*t**5 - t**2 + 1/24*t**4 + 0*t - 4/3*t**3 + 0. Let h = 89 - 83. What is k(h)?
-2
Let h(v) be the second derivative of 13*v**5/20 - v**4/6 + v**2/2 + 2*v - 34. What is h(1)?
12
Let j = 8 + -6. Let p(v) = -v**j + 2*v - 5*v + 4*v - 5*v - 4. Suppose 5*y = -3*x + y - 21, 2*y = 2*x. What is p(x)?
-1
Let f(a) = 3*a**2 + a. Let s be ((-10)/(-4))/(2/(-4)). Let z = s + 7. Suppose 5 = 2*x - i, z*i - 3*i = 3*x. Determine f(x).
4
Let f(z) = -z**2 + 4*z + 5. Let i be (-3 + 2)/(4/(-52)). Let y = -9 + i. Suppose -10 = -h - y. What is f(h)?
-7
Let p(r) = 8*r - 4. Let f(s) = 2*s + 1. Let i(t) = 5*f(t) + p(t). Let l = 8 + -9. What is i(l)?
-17
Let g(q) = -2*q + 5. Let d be g(0). Suppose b + 12 = d*b. Let k(x) = -3 + x + 3 + b*x + 1. What is k(2)?
9
Let n(q) = q**2 + 7*q - 12. Let c be 25/(-3) + 1*(-16)/(-48). Determine n(c).
-4
Let t be (169/52)/(2/8). Let d = t - 16. Let u be (d/(-2))/((-3)/8). Let m(a) = -a**2 - 5*a - 5. What is m(u)?
-1
Let w(x) = -7*x + 4. Let s(o) = o**2 - 7*o + 8. Let l(t) = 2*s(t) - 3*w(t). Let d(f) = -f**2 - f + 2. Let v be d(-3). Calculate l(v).
8
Let b(v) = v - 4. Let m(x) be the third derivative of -x**5/30 - x**4/6 - 2*x**3/3 - 18*x**2. Let k be m(-2). What is b(k)?
-8
Let o(g) = g**3 + 7*g**2 - 8*g. Suppose -k = 5, -100*k - 57 = 4*t - 95*k. Calculate o(t).
0
Let p(z) = z - 6 - 2*z + 13. Suppose 16 = 3*v + 3*l + 70, -4*v = 2*l + 70. Let n = -12 - v. Calculate p(n).
2
Let y(q) = -q - 1. Let j(b) = b + 2*b - 126 + 129. Let m(l) = -2*j(l) - 9*y(l). Give m(-2).
-3
Let w be 6 + (1 - 4)/(-3). Let t(f) = -4 - 8*f**2 - 4 + 10*f + w*f**2. Calculate t(6).
16
Let x(u) = -7*u**3 - 13*u**2 + 3*u - 6. Let i(p) = -15*p**3 - 27*p**2 + 7*p - 12. Let z be (((-52)/(-2))/2)/(6/6). Let f(n) = z*x(n) - 6*i(n). Determine f(-7).
15
Let g(s) be the second derivative of s**7/2520 + s**6/720 + s**5/120 - 5*s**4/12 + 3*s. Let q(f) be the third derivative of g(f). Give q(-1).
1
Let t(m) = -m**2 + 3*m + 3. Let w(c) = -c**3 + 16*c**2 - 42*c + 33. Let v be w(13). Give t(v).
-51
Let g(s) be the third derivative of 0 + 0*s - 14*s**2 - 1/4*s**4 + 1/120*s**6 + 1/3*s**3 - 1/20*s**5. Determine g(4).
-6
Let j = -47 - -71. Suppose 2*l = -3*h - 2*h + 30, -j = -h - 4*l. Let s(f) = 2*f**2 - 6*f + 3. Calculate s(h).
11
Suppose 0 = -2*u - 5*j + j + 236, 3*j - 447 = -4*u. Let f = u - 112. Let z(q) = 7*q + 8. Let r(l) = -15*l - 17. Let n(s) = -6*r(s) - 13*z(s). What is n(f)?
2
Let w(p) = 2*p. Let x = 21 + -26. Give w(x).
-10
Let h = -34 - -37. Let m(n) = -8 - h + 3 + 25*n - 26*n. Calculate m(-4).
-4
Let t be 10/2*(11 + -12). Let p(b) = -b - 6. Determine p(t).
-1
Let r(s) be the third derivative of s**5/60 + s**4/6 + s**2. Suppose 0*q = 2*q - v, -q - 2*v = -10. Suppose -12 = 5*i - q. Calculate r(i).
-4
Let a(b) = -2*b**2 - 1. Suppose 3*w - 2 = 2*m, -3*m + 4*w = -w + 5. Suppose -2*c + m = 3. Calculate a(c).
-3
Suppose 102 = h + 11. Let k = -97 + h. Let f(n) = n**3 + 7*n**2 + 7*n + 7. Determine f(k).
1
Suppose -16 = 59*t - 57*t. Let j(q) = -q**2 - 7*q + 6. Determine j(t).
-2
Let h = -35 + 17. Let r be (2 + -1)*h/(-3). Let o(z) be the second derivative of z**5/20 - 5*z**4/12 - 3*z**3/2 + 9*z**2/2 + 73*z. What is o(r)?
-9
Suppose 0 = 4*f - 5*o + 7, -1 + 7 = 2*o. Let r = 7 + f. Let j(i) = 2 + r*i - 2 - 5*i. Determine j(2).
8
Let y be (5 + 105/(-20))*(-24)/(-2). Let d(c) = -c**2 - 3*c - 3. What is d(y)?
-3
Let g be 3/(-4)*(-8 - 4). Let h = g + -7. Let r(l) be the second derivative of l**4/12 + l**3/6 + l**2/2 + 3*l. Determine r(h).
7
Let t(a) = -a - 6. Let l(j) = 3*j + 12. Let w(n) = -2*l(n) - 5*t(n). Let u be w(5). Let q(s) = s**2 + 2*s - 4*s + u + 3*s. Give q(-1).
1
Let u be 22 - (6 + 3/(-1)). Suppose u = 3*g + 4. Let k = g + -7. Let j(r) = -r + 2. Give j(k).
4
Let c = 140 + -137. Let t(x) = 15 - 8 - c*x - 10. Give t(-5).
12
Let o(j) = j**3 - 9*j**2 - 13. Let t be (9/5)/((-3)/240*-16). What is o(t)?
-13
Let c(m) = -m - 2 - 9 + 3. Let t be c(-3). Let o(f) be the third derivative of -f**5/60 - f**4/6 - f**3/3 + 7*f**2. Give o(t).
-7
Let s = -24 - -25. Let v(u) = 6*u**2 + 4*u + 11. Let k(l) = -l**2 + l - 1. Let y(w) = s*v(w) + 5*k(w). Calculate y(-8).
-2
Suppose 3*x - 16 = i, x - 16 = i + 2*i. Let z(h) = 3*h**2 + 4*h + 2. Let r(n) = 7*n**2 + 8*n + 4. Let f = 22 + -17. Let d(b) = f*z(b) - 2*r(b). Calculate d(i).
2
Let s(b) = 4*b - 1. Let j = 131 - 124. What is s(j)?
27
Let w(b) be the second derivative of -b**5/4 - b**3/3 + 39*b. Let p(s) = 4*s**3 - s**2 + 3*s. Let j(d) = 6*p(d) + 5*w(d). What is j(-7)?
-7
Let v(d) = -3*d**3 + d**2 + 3. Let k(n) = -4*n**3 + n**2 - n + 4. Let o(y) = 2*k(y) - 3*v(y). Let q(s) = 17*s**2 - 1. Let l be q(-1). Let p = 18 - l. Give o(p).
-1
Let o(k) = -2*k**3 + 9*k**2 + 8*k + 9. Let y(g) = g**3 - 1 - 68*g**2 + 33*g**2 + 34*g**2 + 0*g**3 - g. Let b(i) = o(i) + 3*y(i). Calculate b(-5).
6
Let y be 3/7 - 136/1428. Let q(c) be the first derivative of y*c**3 - 2*c + 4 - 3*c**2. What is q(6)?
-2
Let k(g) = g**2 - 8*g - 3. Let d = -320 + 326. Determine k(d).
-15
Let g(x) = 16*x**2 - 49*x + 16. Let u(j) = 3*j**2 - 9*j + 3. Let t(s) = 2*g(s) - 11*u(s). Calculate t(1).
-1
Let w(r) = -r - 15. Let c(v) = v. Let y(a) = -14 - 26 + 11 - 15. Let i(s) = -3*c(s) + y(s). Let z(l) = 4*i(l) - 11*w(l). Give z(-5).
-6
Let o(j) = -j**2 - 8*j. Suppose 34 = -2*g - 4*y, 0 = -4*g + 3*y - 8*y - 53. Determine o(g).
7
Let o(z) = 7*z**3 + 2*z**2 + 3*z - 7. Let f(l) = 6*l**3 + l**2 + 3*l - 6. Let h(u) = -5*f(u) + 4*o(u). Calculate h(2).
-8
Let h(k) = 4*k - 13. Suppose 0 = -1325*x + 1331*x - 30. What is h(x)?
7
Let o(j) = 25*j**2 + 44*j - 1. Let n be o(-2). Let k(i) = i**3 - 10*i**2 - 11*i - 14. Determine k(n).
-14
Let n(u) = u - 3. Let q be n(6). Let j(p) = 29*p**2 - 63*p**2 + 0 - 5 + 31*p**2 + p**3 + 1. Give j(q).
-4
Let t = 44 - 41. Let s(w) = -1 - t + 0*w + 6 - 3*w. Suppose -6 = -2*m + 5*m. Determine s(m).
8
Suppose -t - 6 + 1 = 0. Let f(i) = 26*i + 14. Let k(b) = 5*b + 3. Let r be -1 + (13 - 3) - -2. Let o(g) = r*k(g) - 2*f(g). Give o(t).
-10
Let m = 6 - 3. Let c(i) = -i**2 + i + 7. Calculate c(m).
1
Let r(u) = -20*u**3 - 8*u**2 + 29*u - 17. Let b(g) = 7*g**3 + 3*g**2 - 10*g + 6. Let m(n) = -17*b(n) - 6*r(n). Give m(3).
-12
Let p(u) = -12*u + 9. Let h(a) = a - 1. Let c(t) = 9*h(t) + p(t). Let n(o) = o**3 - 8*o**2 - 20*o + 5. Let k be n(10). Give c(k).
-15
Let j(r) = -15*r + 21. Suppose -13 = -3*i + 5. Let y(q) = -8*q + 11. Let d(u) = i*j(u) - 11*y(u). Let h be (-18)/2 - (-3 + 0). Calculate d(h).
17
Let h(n) = -3 + 19*n - 14*n + 2. What is h(-6)?
-31
Let p(y) = y**2 - 21*y - 2. Let j be 12/30 - 412/(-20). What is p(j)?
-2
Suppose -4*i = 4*c, 4*c - 8 = 5*i + 1. Let p(s) = -12*s**3 - 2*s**2 + 1. What is p(c)?
-13
Suppose -2*b - 2 = 0, 4*i + 2*b + 3*b = 59. Let c(j) = 3 - 9*j - 8*j + i*j. Suppose -2*k - 28 = -3*h, 0 = 3*h + 3*k - 3 - 0. What is c(h)?
-3
Let v(p) = 2*p + 72. Let l be v(-36). Suppose -4*f = 4*u, 0 = -4*u + 3*u + 3*f + 12. Let i(g) = 2 + g - 6 - u. Give i(l).
-7
Let o(k) = 10*k**